11*v + 396. List the prime factors of a(23).
2, 3, 5, 13, 41
Let z be 14 + -10 + (0 - -29). Suppose 37*b = z*b + 588. List the prime factors of b.
3, 7
Suppose -t = 5*z - 21408, 3*t - 46*z = -41*z + 64144. What are the prime factors of t?
2, 5347
Let g be (104/12)/((-2)/(-3)). Suppose 344 = 17*n - g. List the prime factors of n.
3, 7
List the prime factors of (-9150)/(-2) - (-31 + 41).
5, 11, 83
Let i(j) = -j**3 - 38*j**2 - 22*j + 17. Let d(a) = -38*a**2 - 21*a + 16. Let b(w) = 3*d(w) - 2*i(w). What are the prime factors of b(20)?
2, 7, 31
Let c(v) = -v - 5. Let h(s) = 4. Let d(z) = 2*z - 31. Let o be d(18). Let g(l) = o*c(l) + 4*h(l). What are the prime factors of g(-10)?
41
Let j(n) = 7*n**3 + 2*n**2 - 2*n - 68. Suppose 2*p + 2*k = 22, 28 = 3*p - 70*k + 72*k. List the prime factors of j(p).
2, 47
Let s(f) = -f**3 + 7*f**2 + 14*f - 3. Let w be s(-2). Suppose -i + w*z = -775, -5*z + 2*z = 5*i - 3819. List the prime factors of i.
3, 5, 17
Let o = 18116 + -1166. What are the prime factors of o?
2, 3, 5, 113
Let i(n) = 2*n**2 + 25*n - 7. Let j be i(-13). Suppose 0 = w - j*w. Suppose w*u + 3*u = 246. What are the prime factors of u?
2, 41
Let w(h) = -2*h**2 - 4*h - 10. Let q be w(-8). Let s be 2*(-1 + -1) - q. Suppose s = x - 0*x - 4*r, -3*r = x - 88. What are the prime factors of x?
2, 47
Let w be (60/14)/(5/(-35)). What are the prime factors of (-12860)/w + (-5)/3?
7, 61
Let u = 1550 - 889. Let i = u + 70. List the prime factors of i.
17, 43
Let d = -3435 - -3436. Let g = 16 + -25. What are the prime factors of 68*d - (0 - (g - -6))?
5, 13
Suppose 26*n - 43183 - 49221 = 0. List the prime factors of n.
2, 1777
Suppose 5*q + 10568 = -j + 60869, -30175 = -3*q + 5*j. List the prime factors of q.
2, 5, 503
Let l = 317 + -315. Suppose 0 = -l*p - 3*o + 1928 - 57, p + 5*o - 932 = 0. What are the prime factors of p?
937
Let s = 511 + 12155. What are the prime factors of s?
2, 3, 2111
Let h = -1581 + 978. Let i = h + 854. List the prime factors of i.
251
Let r = 35562 + -13976. What are the prime factors of r?
2, 43, 251
What are the prime factors of ((-280)/130)/(-14) + (-734013)/(-39)?
11, 29, 59
Suppose -19*f + 50862 = -14*f + 2*j, -2*f = -4*j - 20316. What are the prime factors of f?
2, 3, 5, 113
Suppose 73*v = -37*v - 110*v + 3438160. What are the prime factors of v?
2, 3907
Let b be ((-1)/2)/(4/(-24)). Suppose 4*a = b*o - 2*o + 1816, 1816 = 4*a + o. What are the prime factors of a?
2, 227
Let c(h) = 16*h**2 - 10*h + 17. Let o(k) = -37*k**2 + 21*k - 34. Let y(n) = 5*c(n) + 2*o(n). List the prime factors of y(7).
3, 5, 17
Suppose 18*v - 6873 - 849 = 0. Let k = -419 + v. What are the prime factors of k?
2, 5
Let i(b) = -192*b + 27. Let s(x) = 64*x - 9. Let n(v) = -4*i(v) - 11*s(v). Suppose -4*y + 24 = -4*u, 4 = 2*y + 2*u - 0. What are the prime factors of n(y)?
13, 19
Let x = -1396 - -11005. What are the prime factors of x?
3, 3203
Let h(g) = -77*g + 420. Let y(u) = -13*u + 70. Let x(l) = -6*h(l) + 35*y(l). List the prime factors of x(20).
2, 5, 7
Let q = 13654 - -20288. List the prime factors of q.
2, 3, 5657
Suppose -k - 18*h + 17791 = -16*h, -4*h - 17773 = -k. List the prime factors of k.
5, 3557
Let a(k) = 237 + 222 + 13*k + 15*k + 16*k. List the prime factors of a(12).
3, 7, 47
Let z be (0 - -2) + (-4)/6*114. Let w = z + 1734. What are the prime factors of w?
2, 5, 83
Suppose -25 = 2*f - 99. Suppose f*i = 27*i + 390. List the prime factors of i.
3, 13
Let o(b) = 3*b**2 - 14*b - 1406. What are the prime factors of o(-45)?
7, 757
Let w = -5787 + 5850. What are the prime factors of w?
3, 7
Suppose 4*k - 120 + 15 = 3*g, 4*g - 140 = -4*k. List the prime factors of k.
2, 3, 5
Suppose 3*q = 2*n - 16130, -2*q = 1320*n - 1316*n - 32244. What are the prime factors of n?
2, 29, 139
Let l(p) = -14*p - 2. Let i be l(-1). Let z = i + -12. Suppose -4*w + 5*h + 357 = 0, z*w + 5*h + 171 = 2*w. List the prime factors of w.
3, 31
Let f be (-6)/4 + 1/(-2). Let k be (-2)/4 + (-2)/(16/2348). What are the prime factors of (10/f)/(4 - (-1182)/k)?
5, 7
Suppose 105*l + 2155 = -3200. Let t = -49 - -162. Let i = t - l. What are the prime factors of i?
2, 41
List the prime factors of 9 - (-407034)/(-3 + 21).
2, 11311
Let m be -3 + (-7)/(7/(-2)) - -4. Let b(v) = -v**2 + 11*v - 11. Let y be b(m). Suppose -k = -y*k + 72. What are the prime factors of k?
2, 3
Suppose 0 = 4*b + 4*n - 0*n + 3164, -b = 3*n + 789. Let d = 1357 + b. What are the prime factors of d?
5, 113
Suppose -2*m + 20526 = 4*n, n = 26*m - 33*m + 71932. List the prime factors of m.
43, 239
Let b be (-4 - -1) + 3 - -8. Let o(s) = -s**2 + 7*s + 11. Let n be o(b). Suppose -5*f + y = -171, -50 = -2*f + n*y + 8. What are the prime factors of f?
5, 7
Let u(t) = 6*t + 7. Let g = -47 + 50. Let j be u(g). Suppose -20*k + j*k - 55 = 0. What are the prime factors of k?
11
Suppose 163*w - 152*w + 990 = 0. What are the prime factors of w/12*((-753)/9 + -3)?
2, 5, 13
Let c be (-337)/(3 - 6*(-6)/(-9)). Suppose -565 = -2*l + c. What are the prime factors of l?
11, 41
Suppose 0 = -d - 4*v + 303 - 15, 0 = -d + v + 268. Suppose -2*f + f = -d. What are the prime factors of f?
2, 17
Let o be (-73440)/(-99) + (-6)/(-33). Suppose -9*n - 1488 = -13*n - m, 2*n = -m + o. What are the prime factors of n?
373
Let r(u) = -51*u - 128. Let o be r(-7). Let j = 173 + o. List the prime factors of j.
2, 3, 67
Let h = 7 - 4. Suppose -64400 = -27*m + 28*m + 49*m. What are the prime factors of (h/(-2))/(14/m)?
2, 3, 23
Let x(s) be the first derivative of -11*s**2/2 - 26*s - 16. Let g be x(-7). Let f = -16 + g. List the prime factors of f.
5, 7
Suppose 3*y - 1636 - 11305 = 1735. List the prime factors of y.
2, 1223
Let u(y) = 2*y + 77*y**2 - 56*y**2 + 84*y**2 + 4. Let s = 684 - 685. List the prime factors of u(s).
107
Suppose -3*m + 2*f + 7 = -13, -4*m + 24 = -2*f. Let i be 30/4 + -4*m/(-32). Let c(d) = -d**3 + 9*d**2 + 10*d - 6. List the prime factors of c(i).
2, 3, 23
Let i(c) = 749*c - 6788. What are the prime factors of i(78)?
2, 11, 2347
Let l(w) = 15*w**2 + 34*w**2 + 6*w + 8 - 2 + 15 + 0*w. List the prime factors of l(-4).
11, 71
Suppose -531*w + 534*w - 48 = 0. What are the prime factors of (8 + (-2)/2)*w?
2, 7
Suppose -12*a + 13*a = 39. Let d = a - 32. Let o(c) = 2*c**2 + 7. List the prime factors of o(d).
3, 5, 7
Suppose -5*d + 0*d - 190 = 0. Let k = d + 42. Suppose 5*l - 34 = 4*f - 446, 408 = 4*f - k*l. What are the prime factors of f?
2, 7
Let a(l) = 10*l**3 + 15*l**2 - 40*l + 10. List the prime factors of a(5).
5, 7, 41
Suppose 4*i + 9*p - 16 = 8*p, 0 = -4*i - 4*p + 4. Suppose 8*j - i*j - 6 = 0. Suppose -j*s + 10*s = 696. What are the prime factors of s?
3, 29
Suppose 17*y = 14*y. Suppose i - 358 = -2*m - m, y = 4*m + i - 477. List the prime factors of m.
7, 17
Suppose -41*t + 27939 + 601027 = -7*t. What are the prime factors of t?
13, 1423
Suppose 7 = d + 3*k, -122 = -4*d + 2*k - 24. Let q = 36 - 25. Let o = d + q. What are the prime factors of o?
3, 11
Let z(w) = -6894*w - 5019. List the prime factors of z(-6).
3, 5, 2423
Let k(q) = 317*q**3 - 2*q**2 + 10*q - 5. What are the prime factors of k(2)?
2543
Suppose -11*v - v = -12. Let w(n) = 596*n**2 - n - 1. List the prime factors of w(v).
2, 3, 11
Let w(v) = v**2 - 12*v + 14. Let s be w(11). Suppose -18 = 3*y + 3*n, s*y + 4 + 10 = -n. What are the prime factors of y/34 + (-12909)/(-51)?
11, 23
Let h(z) = -62*z**3 + 15*z**2 + 106*z - 16. List the prime factors of h(-8).
2, 5, 199
Let q = -35378 - -60791. What are the prime factors of q?
3, 43, 197
Suppose 7179720 = 28*j - 6*j + 130*j. List the prime factors of j.
3, 5, 47, 67
Suppose 0 = 3*c - 1748 - 2878. Suppose q - p - c = 0, 7*p = -5*q + 4*p + 7702. What are the prime factors of q?
23, 67
Suppose -8*s - 5*s + 52 = 0. List the prime factors of 6/s*(-3172)/(-39).
2, 61
Let c = 282 + -281. What are the prime factors of (c + (-85)/2)*-12?
2, 3, 83
Let z(f) = 80*f - 22. Let t be z(12). Suppose -2*p = 4*a - t, 0*a + p = -a + 237. What are the prime factors of a?
2, 29
Let t(b) = -3*b**3 - 8*b**2 - 19*b - 17. Suppose 3*i = -19 - 17. Let k be t(i). Suppose 2120 = 21*m - k. List the prime factors of m.
3, 101
Let z(m) be the second derivative of -2*m**3 - 423*m**2/2 - 296*m. What are the prime factors of z(-47)?
3, 47
Let l(n) = n**2 + 6*n +